llions digit of 2880262067?
0
What is the thousands digit of 212432690?
2
What is the ten millions digit of 551817426?
5
What is the millions digit of 62361452?
2
What is the ten thousands digit of 36764114?
6
What is the millions digit of 114961412?
4
What is the tens digit of 38925441?
4
What is the hundred thousands digit of 1716871251?
8
What is the millions digit of 2641897125?
1
What is the units digit of 610646192?
2
What is the units digit of 985806456?
6
What is the hundreds digit of 112733479?
4
What is the hundred thousands digit of 3937080096?
0
What is the tens digit of 170307661?
6
What is the thousands digit of 5146166471?
6
What is the hundred thousands digit of 92234006?
2
What is the units digit of 426657742?
2
What is the ten thousands digit of 849463236?
6
What is the hundreds digit of 730709158?
1
What is the hundred thousands digit of 2045936447?
9
What is the hundreds digit of 320715968?
9
What is the hundred millions digit of 326022599?
3
What is the thousands digit of 105772298?
2
What is the millions digit of 418496631?
8
What is the hundreds digit of 31464989?
9
What is the hundred thousands digit of 545817177?
8
What is the millions digit of 1120940008?
0
What is the millions digit of 1118104395?
8
What is the hundred thousands digit of 346947857?
9
What is the ten thousands digit of 314078584?
7
What is the thousands digit of 51927407?
7
What is the millions digit of 673301919?
3
What is the units digit of 2376151851?
1
What is the hundreds digit of 6793727?
7
What is the millions digit of 974638933?
4
What is the tens digit of 44234175?
7
What is the ten thousands digit of 23176794?
7
What is the hundred thousands digit of 51700207?
7
What is the ten millions digit of 91104721?
9
What is the millions digit of 590633189?
0
What is the units digit of 45913945?
5
What is the units digit of 25298084?
4
What is the millions digit of 21895524?
1
What is the hundreds digit of 34077704?
7
What is the hundred millions digit of 1094502322?
0
What is the ten millions digit of 294280717?
9
What is the units digit of 2971006?
6
What is the units digit of 10567790?
0
What is the tens digit of 22974964?
6
What is the millions digit of 605506019?
5
What is the tens digit of 162415751?
5
What is the hundred thousands digit of 1696208461?
2
What is the ten millions digit of 28227114?
2
What is the ten millions digit of 4014412003?
1
What is the millions digit of 33498106?
3
What is the tens digit of 20338447?
4
What is the units digit of 131420434?
4
What is the thousands digit of 5500815?
0
What is the tens digit of 38802746?
4
What is the millions digit of 6413069846?
3
What is the thousands digit of 67307598?
7
What is the hundred thousands digit of 88371359?
3
What is the hundred thousands digit of 24001624?
0
What is the millions digit of 313185267?
3
What is the thousands digit of 115050297?
0
What is the ten thousands digit of 544319496?
1
What is the ten thousands digit of 2570840132?
4
What is the hundreds digit of 73650176?
1
What is the hundred thousands digit of 310557442?
5
What is the hundred thousands digit of 5210039173?
0
What is the hundred thousands digit of 839968431?
9
What is the units digit of 3246763054?
4
What is the thousands digit of 103959423?
9
What is the millions digit of 49549154?
9
What is the millions digit of 257591528?
7
What is the hundreds digit of 48351621?
6
What is the hundreds digit of 25279734?
7
What is the ten millions digit of 3593914403?
9
What is the ten millions digit of 1356975859?
5
What is the thousands digit of 26535806?
5
What is the millions digit of 61652291?
1
What is the billions digit of 6015181203?
6
What is the units digit of 1132967182?
2
What is the tens digit of 43356834?
3
What is the thousands digit of 461728339?
8
What is the units digit of 117784734?
4
What is the ten millions digit of 222780189?
2
What is the millions digit of 8892040292?
2
What is the hundreds digit of 91321259?
2
What is the units digit of 83012161?
1
What is the ten millions digit of 32959194?
3
What is the units digit of 547836942?
2
What is the tens digit of 1065742556?
5
What is the hundred millions digit of 201313353?
2
What is the tens digit of 3279480419?
1
What is the tens digit of 220677888?
8
What is the millions digit of 50733636?
0
What is the hundreds digit of 48041480?
4
What is the ten millions digit of 92698287?
9
What is the tens digit of 82340814?
1
What is the hundreds digit of 38566968?
9
What is the hundred thousands digit of 68052302?
0
What is the hundreds digit of 133424727?
7
What is the hundreds digit of 97939642?
6
What is the thousands digit of 305545890?
5
What is the thousands digit of 308836340?
6
What is the units digit of 251515314?
4
What is the tens digit of 132236878?
7
What is the millions digit of 3975068052?
5
What is the billions digit of 2932736694?
2
What is the millions digit of 40352692?
0
What is the hundred thousands digit of 262996401?
9
What is the hundreds digit of 46147337?
3
What is the hundreds digit of 504755649?
6
What is the ten thousands digit of 817613652?
1
What is the hundred millions digit of 871945243?
8
What is the millions digit of 177763076?
7
What is the units digit of 8236945148?
8
What is the hundred thousands digit of 7376201?
3
What is the ten thousands digit of 88428442?
2
What is the ten thousands digit of 1180575422?
7
What is the units digit of 52170587?
7
What is the millions digit of 25887493?
5
What is the hundreds digit of 1029049653?
6
What is the hundred thousands digit of 6187428660?
4
What is the ten thousands digit of 32764757?
6
What is the millions digit of 2539939841?
9
What is the hundred thousands digit of 3840691?
8
What is the units digit of 543256266?
6
What is the millions digit of 2952257856?
2
What is the ten millions digit of 18271431?
1
What is the ten thousands digit of 144554861?
5
What is the hundred millions digit of 129108725?
1
What is the ten millions digit of 272661481?
7
What is the ten millions digit of 37338978?
3
What is the hundred thousands digit of 705708815?
7
What is the hundred thousands digit of 3049952?
0
What is the tens digit of 523390017?
1
What is the hundred thousands digit of 418551663?
5
What is the hundred millions digit of 2983814154?
9
What is the units digit of 57950930?
0
What is the thousands digit of 186034143?
4
What is the hundreds digit of 4976719814?
8
What is the hundred thousands digit of 76038537?
0
What is the hundreds digit of 3711468183?
1
What is the hundreds digit of 85611335?
3
What is the ten millions digit of 5100073424?
0
What is the millions digit of 391423874?
1
What is the ten millions digit of 110439534?
1
What is the ten thousands digit of 85102093?
0
What is the thousands digit of 663830861?
0
What is the ten thousands digit of 3703947636?
4
What is the thousands digit of 4803051203?
1
What is the ten thousands digit of 4542158235?
5
What is the thousands digit of 84989286?
9
What is the hundred thousands digit of 3790904?
7
What is the units digit of 73217661?
1
What is the millions digit of 1943730862?
3
What is the tens digit of 64798266?
6
What is the tens digit of 1357085993?
9
What is the millions digit of 459815627?
9
What is the tens digit of 739370909?
0
What is the hundreds digit of 717190802?
8
What is the ten millions digit of 859727857?
5
What is the ten thousands digit of 52908804?
0
What is the units digit of 48809320?
0
What is the thousands digit of 25677341?
7
What is the tens digit of 89333131?
3
What is the units digit of 3843555146?
6
What is the units digit of 592449241?
1
What is the ten thousands digit of 3825698?
2
What is the millions digit of 1732950761?
2
What is the hundred thousands digit of 264677615?
6
What is the millions digit of 1923297755?
3
What is the ten thousands digit of 768563961?
6
What is the millions digit of 597931332?
7
What is the hundreds digit of 440694623?
6
What is the ten thousands digit of 354894591?
9
What is the billions digit of 1425475701?
1
What is the units digit of 35256159?
9
What is the ten millions digit of 447317780?
4
What is the millions digit of 290647087?
0
What is the ten thousands digit of 57856361?
5
What is the hundred millions digit of 1814833469?
8
What is the hundred 